{"id":37,"date":"2019-04-18T14:55:12","date_gmt":"2019-04-18T12:55:12","guid":{"rendered":"https:\/\/www.panexio.com\/impressum\/"},"modified":"2023-01-01T10:23:40","modified_gmt":"2023-01-01T09:23:40","slug":"impressum","status":"publish","type":"page","link":"https:\/\/www.panexio.com\/de\/impressum\/","title":{"rendered":"Impressum"},"content":{"rendered":"\n<p>Offenlegung gem\u00e4\u00df \u00a7 5 E-Commerce-Gesetz<\/p>\n\n\n\n<p><strong>F\u00fcr den Inhalt verantwortlich (Medieninhaber):<\/strong><br>Reinhard Andreas Pfefferkorn, BBA MA<br>Kurtiviel 4<br>6700 Bludenz<br>\u00d6sterreich<\/p>\n\n\n\n<p>Telefon +43 664 35 20 291<br>E-Mail: solutions@panexio.com<\/p>\n\n\n\n<p>UID: ATU73922507<\/p>\n\n\n\n<h2 class=\"wp-block-heading\">Gegenstand des Unternehmens<\/h2>\n\n\n\n<p>Unternehmensberatung<\/p>\n\n\n\n<h2 class=\"wp-block-heading\">Aufsichtsbeh\u00f6rde<\/h2>\n\n\n\n<p>Bezirkshauptmannschaft\nBludenz, 6700 Bludenz, Schlo\u00df-Gayenhof-Platz 2<\/p>\n\n\n\n<h2 class=\"wp-block-heading\">Kammerzugeh\u00f6rigkeit<\/h2>\n\n\n\n<p>Wirtschaftskammer Vorarlberg, 6800 Feldkirch, Wichnergasse 9<br>Fachgruppe Unternehmensberatung, Buchhaltung und Informationstechnologie <\/p>\n\n\n\n<h2 class=\"wp-block-heading\">Gewerbe- und berufsrechtliche Vorschriften<\/h2>\n\n\n\n<p>Gewerbeordnung 1994, BGBl. Nr. 194\/1994 in der jeweils geltenden Fassung. Kostenfreier Zugang zu den gewerbe- und berufsrechtlichen Vorschriften \u00fcber das Rechtsinformationssystem des Bundes: www.ris.bka.gv.at <\/p>\n\n\n\n<h2 class=\"wp-block-heading\">Hinweis<\/h2>\n\n\n\n<p>S\u00e4mtliche Texte auf der Website wurden sorgf\u00e4ltig gepr\u00fcft. Dessen ungeachtet kann keine Garantie f\u00fcr die Richtigkeit, Vollst\u00e4ndigkeit und Aktualit\u00e4t der Angaben \u00fcbernommen werden. Als reine Service- und Informationsplattform enth\u00e4lt diese Seite auch Links zu Webseiten von Dritten, deren Inhalt von uns nicht kontrolliert werden kann. Der Zugriff auf Inhalte fremder Webseiten erfolgt auf eigenes Risiko und eigene Verantwortung.<\/p>\n\n\n\n<h2 class=\"wp-block-heading\">Copyright<\/h2>\n\n\n\n<p>Eigene Bilder &amp; Videos: \u00a9 Reinhard A. Pfefferkorn, BBA MA, \u00a9 studio spitzar<br>Externe Bilder &amp; Videos: \u00a9 aerocaminua\/shutterstock.com, \u00a9 iStock.com\/PeopleImages, \u00a9 unsplash.com, \u00a9 commons wikimedia.org\/Frank Hurley, Rowohlt Verlag, Thalia<\/p>\n\n\n\n<h3 class=\"wp-block-heading\">Konzeption &amp; Screendesign<\/h3>\n\n\n\n<figure class=\"wp-block-image alignright is-resized\"><a href=\"https:\/\/www.studio-spitzar.com\/\" target=\"_blank\" rel=\"noopener noreferrer\"><img decoding=\"async\" src=\"https:\/\/www.panexio.com\/wp-content\/uploads\/2019\/05\/studiospitzar.png\" alt=\"\" class=\"wp-image-624\" width=\"210\" height=\"43\"\/><\/a><\/figure>\n\n\n\n<p>studio spitzar<br>Im Wasserturm<br>Rohrbach 26 e<br>6850 Dornbirn<br>\u00d6sterreich<br><a rel=\"noreferrer noopener\" aria-label=\"www.studio-spitzar.com (\u00f6ffnet in neuem Tab)\" href=\"https:\/\/www.studio-spitzar.com\/\" target=\"_blank\">www.studio-spitzar.com<\/a><\/p>\n\n\n\n<h3 class=\"wp-block-heading\">Internetl\u00f6sung<\/h3>\n\n\n\n<figure class=\"wp-block-image alignright is-resized\"><a href=\"https:\/\/www.creativemedia.li\" target=\"_blank\" rel=\"noreferrer noopener\"><img decoding=\"async\" src=\"https:\/\/www.panexio.com\/wp-content\/uploads\/2019\/07\/creativemedia-ag.png\" alt=\"creativemedia AG\" class=\"wp-image-890\" width=\"210\" height=\"43\"\/><\/a><\/figure>\n\n\n\n<p>creative<strong>media<\/strong> AG<br>Im alten Riet 153<br>9494 Schaan<br>Liechtenstein<br><a rel=\"noreferrer noopener\" aria-label=\"www.creativemedia.li (\u00f6ffnet in neuem Tab)\" href=\"https:\/\/www.creativemedia.li\/\" target=\"_blank\">www.creativemedia.li<\/a><\/p>\n","protected":false},"excerpt":{"rendered":"<p>Offenlegung gem\u00e4\u00df \u00a7 5 E-Commerce-Gesetz F\u00fcr den Inhalt verantwortlich (Medieninhaber):Reinhard Andreas Pfefferkorn, BBA MAKurtiviel 46700 Bludenz\u00d6sterreich Telefon +43 664 35 20 291E-Mail: solutions@panexio.com UID: ATU73922507 Gegenstand des Unternehmens Unternehmensberatung Aufsichtsbeh\u00f6rde Bezirkshauptmannschaft Bludenz, 6700 Bludenz, Schlo\u00df-Gayenhof-Platz 2 Kammerzugeh\u00f6rigkeit Wirtschaftskammer Vorarlberg, 6800 Feldkirch, Wichnergasse 9Fachgruppe Unternehmensberatung, Buchhaltung und Informationstechnologie Gewerbe- und berufsrechtliche Vorschriften Gewerbeordnung 1994, BGBl. Nr. [&hellip;]<\/p>\n","protected":false},"author":1,"featured_media":0,"parent":0,"menu_order":6,"comment_status":"closed","ping_status":"closed","template":"","meta":{"_seopress_robots_primary_cat":"","_seopress_titles_title":"","_seopress_titles_desc":"","_seopress_robots_index":"yes","site-sidebar-layout":"default","site-content-layout":"default","ast-site-content-layout":"default","site-content-style":"default","site-sidebar-style":"default","ast-global-header-display":"","ast-banner-title-visibility":"","ast-main-header-display":"","ast-hfb-above-header-display":"","ast-hfb-below-header-display":"","ast-hfb-mobile-header-display":"","site-post-title":"","ast-breadcrumbs-content":"","ast-featured-img":"","footer-sml-layout":"","ast-disable-related-posts":"","theme-transparent-header-meta":"default","adv-header-id-meta":"","stick-header-meta":"default","header-above-stick-meta":"","header-main-stick-meta":"","header-below-stick-meta":"","astra-migrate-meta-layouts":"default","ast-page-background-enabled":"default","ast-page-background-meta":{"desktop":{"background-color":"","background-image":"","background-repeat":"repeat","background-position":"center center","background-size":"auto","background-attachment":"scroll","background-type":"","background-media":"","overlay-type":"","overlay-color":"","overlay-opacity":"","overlay-gradient":""},"tablet":{"background-color":"","background-image":"","background-repeat":"repeat","background-position":"center center","background-size":"auto","background-attachment":"scroll","background-type":"","background-media":"","overlay-type":"","overlay-color":"","overlay-opacity":"","overlay-gradient":""},"mobile":{"background-color":"","background-image":"","background-repeat":"repeat","background-position":"center center","background-size":"auto","background-attachment":"scroll","background-type":"","background-media":"","overlay-type":"","overlay-color":"","overlay-opacity":"","overlay-gradient":""}},"ast-content-background-meta":{"desktop":{"background-color":"var(--ast-global-color-5)","background-image":"","background-repeat":"repeat","background-position":"center center","background-size":"auto","background-attachment":"scroll","background-type":"","background-media":"","overlay-type":"","overlay-color":"","overlay-opacity":"","overlay-gradient":""},"tablet":{"background-color":"var(--ast-global-color-5)","background-image":"","background-repeat":"repeat","background-position":"center center","background-size":"auto","background-attachment":"scroll","background-type":"","background-media":"","overlay-type":"","overlay-color":"","overlay-opacity":"","overlay-gradient":""},"mobile":{"background-color":"var(--ast-global-color-5)","background-image":"","background-repeat":"repeat","background-position":"center center","background-size":"auto","background-attachment":"scroll","background-type":"","background-media":"","overlay-type":"","overlay-color":"","overlay-opacity":"","overlay-gradient":""}},"footnotes":""},"class_list":["post-37","page","type-page","status-publish","hentry"],"_links":{"self":[{"href":"https:\/\/www.panexio.com\/de\/wp-json\/wp\/v2\/pages\/37","targetHints":{"allow":["GET"]}}],"collection":[{"href":"https:\/\/www.panexio.com\/de\/wp-json\/wp\/v2\/pages"}],"about":[{"href":"https:\/\/www.panexio.com\/de\/wp-json\/wp\/v2\/types\/page"}],"author":[{"embeddable":true,"href":"https:\/\/www.panexio.com\/de\/wp-json\/wp\/v2\/users\/1"}],"replies":[{"embeddable":true,"href":"https:\/\/www.panexio.com\/de\/wp-json\/wp\/v2\/comments?post=37"}],"version-history":[{"count":16,"href":"https:\/\/www.panexio.com\/de\/wp-json\/wp\/v2\/pages\/37\/revisions"}],"predecessor-version":[{"id":993,"href":"https:\/\/www.panexio.com\/de\/wp-json\/wp\/v2\/pages\/37\/revisions\/993"}],"wp:attachment":[{"href":"https:\/\/www.panexio.com\/de\/wp-json\/wp\/v2\/media?parent=37"}],"curies":[{"name":"wp","href":"https:\/\/api.w.org\/{rel}","templated":true}]}}

<p>Offenlegung gemäß § 5 E-Commerce-Gesetz</p>



<p><strong>Für den Inhalt verantwortlich (Medieninhaber):</strong><br>Reinhard Andreas Pfefferkorn, BBA MA<br>Kurtiviel 4<br>6700 Bludenz<br>Österreich</p>



<p>Telefon +43 664 35 20 291<br>E-Mail: solutions@panexio.com</p>



<p>UID: ATU73922507</p>



<h2 class="wp-block-heading">Gegenstand des Unternehmens</h2>



<p>Unternehmensberatung</p>



<h2 class="wp-block-heading">Aufsichtsbehörde</h2>



<p>Bezirkshauptmannschaft
Bludenz, 6700 Bludenz, Schloß-Gayenhof-Platz 2</p>



<h2 class="wp-block-heading">Kammerzugehörigkeit</h2>



<p>Wirtschaftskammer Vorarlberg, 6800 Feldkirch, Wichnergasse 9<br>Fachgruppe Unternehmensberatung, Buchhaltung und Informationstechnologie </p>



<h2 class="wp-block-heading">Gewerbe- und berufsrechtliche Vorschriften</h2>



<p>Gewerbeordnung 1994, BGBl. Nr. 194/1994 in der jeweils geltenden Fassung. Kostenfreier Zugang zu den gewerbe- und berufsrechtlichen Vorschriften über das Rechtsinformationssystem des Bundes: www.ris.bka.gv.at </p>



<h2 class="wp-block-heading">Hinweis</h2>



<p>Sämtliche Texte auf der Website wurden sorgfältig geprüft. Dessen ungeachtet kann keine Garantie für die Richtigkeit, Vollständigkeit und Aktualität der Angaben übernommen werden. Als reine Service- und Informationsplattform enthält diese Seite auch Links zu Webseiten von Dritten, deren Inhalt von uns nicht kontrolliert werden kann. Der Zugriff auf Inhalte fremder Webseiten erfolgt auf eigenes Risiko und eigene Verantwortung.</p>



<h2 class="wp-block-heading">Copyright</h2>



<p>Eigene Bilder &amp; Videos: © Reinhard A. Pfefferkorn, BBA MA, © studio spitzar<br>Externe Bilder &amp; Videos: © aerocaminua/shutterstock.com, © iStock.com/PeopleImages, © unsplash.com, © commons wikimedia.org/Frank Hurley, Rowohlt Verlag, Thalia</p>



<h3 class="wp-block-heading">Konzeption &amp; Screendesign</h3>



<figure class="wp-block-image alignright is-resized"><a href="https://www.studio-spitzar.com/" target="_blank" rel="noopener noreferrer"><img decoding="async" src="https://www.panexio.com/wp-content/uploads/2019/05/studiospitzar.png" alt="" class="wp-image-624" width="210" height="43"/></a></figure>



<p>studio spitzar<br>Im Wasserturm<br>Rohrbach 26 e<br>6850 Dornbirn<br>Österreich<br><a rel="noreferrer noopener" aria-label="www.studio-spitzar.com (öffnet in neuem Tab)" href="https://www.studio-spitzar.com/" target="_blank">www.studio-spitzar.com</a></p>



<h3 class="wp-block-heading">Internetlösung</h3>



<figure class="wp-block-image alignright is-resized"><a href="https://www.creativemedia.li" target="_blank" rel="noreferrer noopener"><img decoding="async" src="https://www.panexio.com/wp-content/uploads/2019/07/creativemedia-ag.png" alt="creativemedia AG" class="wp-image-890" width="210" height="43"/></a></figure>



<p>creative<strong>media</strong> AG<br>Im alten Riet 153<br>9494 Schaan<br>Liechtenstein<br><a rel="noreferrer noopener" aria-label="www.creativemedia.li (öffnet in neuem Tab)" href="https://www.creativemedia.li/" target="_blank">www.creativemedia.li</a></p>

<p>Offenlegung gemäß § 5 E-Commerce-Gesetz Für den Inhalt verantwortlich (Medieninhaber):Reinhard Andreas Pfefferkorn, BBA MAKurtiviel 46700 BludenzÖsterreich Telefon +43 664 35 20 291E-Mail: solutions@panexio.com UID: ATU73922507 Gegenstand des Unternehmens Unternehmensberatung Aufsichtsbehörde Bezirkshauptmannschaft Bludenz, 6700 Bludenz, Schloß-Gayenhof-Platz 2 Kammerzugehörigkeit Wirtschaftskammer Vorarlberg, 6800 Feldkirch, Wichnergasse 9Fachgruppe Unternehmensberatung, Buchhaltung und Informationstechnologie Gewerbe- und berufsrechtliche Vorschriften Gewerbeordnung 1994, BGBl. Nr. [&hellip;]</p>
